git of x(o)?
5
Suppose -6*w - 348 = -12*w. What is the tens digit of w?
5
Let z be 1*8 + -3 + 2. Let s(g) = g**3 - 8*g**2 + 8*g - 5. Let c be s(z). Suppose 3*j - 4*b = 29, 6 = -c*b - b. What is the units digit of j?
7
Let l(t) = -2*t - 3. Let g be l(-3). What is the units digit of g/3 - (-2)/1?
3
Suppose 0 = 3*u - l - 50, 3 + 3 = u + 5*l. Let m = u + -7. What is the units digit of m?
9
Suppose j - 4*t - 23 = -3*t, 2*j = -4*t + 52. Suppose b = 5*b + j. Let r(k) = k**3 + 6*k**2 - k + 4. What is the units digit of r(b)?
0
Let h(q) = 3*q**2 - 6*q - 2*q**2 + 7*q. Let t be (1 + -5)*6/8. What is the units digit of h(t)?
6
Suppose 2*c - 50 + 18 = 0. Suppose -2*h - 6 = x - c, 0 = -2*x + 2*h + 26. What is the tens digit of x?
1
Suppose 10 = 5*q - 4*x, q - 3*x - 5 = -3. Suppose 44 = -q*t + 4. Let g = 28 + t. What is the units digit of g?
8
Suppose 132 = 12*t - t. What is the units digit of t?
2
Let h(m) = 13*m + 4. Let f be h(-3). What is the units digit of (-300)/(-14) + 15/f?
1
Let q(o) be the first derivative of 3*o**2/2 + 4*o + 4. What is the units digit of q(4)?
6
Let i = -7 + 9. What is the units digit of 477/36 + i/(-8)?
3
Let v(k) = -k + 1. What is the units digit of v(-6)?
7
Suppose n = -n + 10. Suppose 3*a + 9 = 2*x - 4*x, -n*a + 1 = -2*x. Let h = 0 - a. What is the units digit of h?
1
Let g be 1119/15 + (-2)/(-5). Suppose -x = 3*a - 23, 5*x + 0*x = 5*a + g. What is the units digit of x?
7
Let a = 150 + -89. What is the units digit of a?
1
Let c = -9 - -2. Let w = c + 12. What is the units digit of w?
5
Suppose 9*l = 13*l - 924. What is the hundreds digit of l?
2
Let q(u) = -u**2 - 10*u + 1. Let k be q(-7). Let a = -10 + k. What is the units digit of a?
2
Let u be 1644/(-21) + (-4)/(-14). Let m = 112 + u. What is the units digit of m?
4
What is the units digit of 2/5 - 356/(-10)?
6
Suppose -n + 5 = 2. Suppose 2*z - 5*x + 15 = -3*z, n*x = 5*z + 9. Suppose z*y - 5 = -5*y. What is the units digit of y?
1
Suppose -5 = 4*d - 21. Let a = -1 + d. What is the units digit of (a - 2)/((-3)/(-3))?
1
Suppose f - 6 = -5*o, 0 = -5*f + 2*o - 20 - 4. Let s = 7 + f. What is the units digit of s/(-12) - (-53)/4?
3
Suppose -4*h + 15 = -133. What is the units digit of h?
7
What is the units digit of ((-20)/(-25))/(4/10)?
2
Suppose 0 = -o - o + 318. What is the hundreds digit of o?
1
Let n(g) = 102*g - 1. Let k be n(1). Let h = k + -69. Suppose 5*y - h = y. What is the units digit of y?
8
Suppose -111 = -5*d + 2*a + 20, 3*a - 6 = 0. Let s = -15 + d. What is the units digit of s?
2
Suppose 2*t + u - 49 = 0, -5*t + 31 = -4*u - 72. Suppose -21 = -4*n + t. What is the tens digit of n?
1
Let h(o) be the second derivative of o**5/20 + 11*o**4/12 - 13*o**3/6 - 3*o**2 - 2*o. Let d be h(-12). Suppose -3 + d = 3*f. What is the units digit of f?
1
Suppose -2*h = -9 - 83. What is the tens digit of h?
4
What is the tens digit of ((-14)/(-21) - 5/3)*-79?
7
Suppose -2*m + 4*m + 2 = 0, 2*n = -3*m + 221. What is the tens digit of n?
1
Let b = 46 + -10. What is the units digit of b?
6
Let m = 3 + 0. Suppose 107 = 5*q - m. Suppose 0 = -5*f - q + 72. What is the tens digit of f?
1
Let u = 15 - 9. What is the units digit of (-4)/(-3) - (-4)/u?
2
Suppose -4*t + 38 = -26. Suppose -3*v + 8 + t = 0. What is the units digit of v?
8
Let n(a) = -24 + 3*a - 9*a + 27*a + 3*a**2. Let h(q) = 2*q**2 + 10*q - 12. Let k(f) = -5*h(f) + 3*n(f). What is the tens digit of k(10)?
1
Let l = -12 + 13. What is the units digit of l?
1
Let j(k) be the third derivative of 0 + 2*k**2 + 0*k + 2/3*k**3 - 1/8*k**4 + 1/60*k**5. What is the units digit of j(3)?
4
Suppose -204 - 66 = -3*z. Suppose -5*b + 5*j + z = 0, 0 = 4*b + b + 4*j - 54. What is the tens digit of b?
1
Let j(o) be the third derivative of -o**6/40 - o**5/15 - o**4/12 + o**3/6 - 2*o**2. What is the units digit of j(-2)?
3
Let c = -37 - -113. Suppose -i - 2*q - 24 = -2*i, -3*q + c = 2*i. What is the tens digit of i?
3
Let k(i) = -13*i**2 + i. Let n be k(-1). Let d = -7 - n. What is the units digit of d?
7
Let k = 561 - 821. What is the units digit of k/(-28) + (-4)/14?
9
What is the units digit of 85 - -9 - -4*1?
8
Let s be (-6)/(-24) - (-15)/4. Let g = -1 + 0. Let f = s - g. What is the units digit of f?
5
Let s(j) = -11*j - 24. What is the tens digit of s(-5)?
3
Let y(x) = -7*x**3 - x. Let d be y(-1). Let k(m) = 5 - d*m + 10*m**2 - 11*m**2 - 2. What is the units digit of k(-8)?
3
Suppose 129 = 3*j + 3*x, 3*j + x = -0*x + 121. What is the tens digit of j?
3
Suppose i - 5*h - 60 = -3*i, h - 75 = -5*i. What is the tens digit of i?
1
Suppose 0*z = z. Let t = z + 1. Let h = 7 - t. What is the units digit of h?
6
What is the units digit of 27/6*(-98)/(-21)?
1
Let q(i) = i**3 - 5*i**2 + 3*i + 1. Let z be q(5). Let g be (-3)/6 + 1/2. Suppose -z = 4*l, -t + 6 = -g*t - l. What is the units digit of t?
2
Suppose x = -x + 16. Let u be x/5 - (-8)/20. What is the units digit of (-1*2 - -9) + u?
9
Let q = 51 + -43. What is the units digit of q?
8
Let y = -6 - -11. What is the units digit of y?
5
Let z be 0 + (-3)/(-1) - -2. Suppose 2*m - 4*y = -z*y + 5, 20 = 5*m - 5*y. What is the units digit of m?
3
Let r be (-32)/(-12) - 4/6. Let z = 14 + r. What is the tens digit of z?
1
Suppose 63 = 3*v - 54. Let r = v + -23. Suppose 0*d = 2*t + 2*d - r, 4*d - 8 = 4*t. What is the units digit of t?
3
Let y(g) = g**2 - 3. Let r = 5 - 2. Let q be y(r). Suppose x - 4*x = -q. What is the units digit of x?
2
Suppose 3 + 17 = 4*i. Let l = 0 + i. What is the units digit of l?
5
Let v(z) = z**2 + 2*z + 2. Let y be v(-2). Suppose 0 = 5*w - 5*d - 5, -4 = -5*w + w - y*d. What is the units digit of w?
1
What is the units digit of (-8)/(-40) + (-24)/5*-71?
1
Let v be 2 + (7 + -3 - 3). Suppose 0 = -v*b + 44 - 8. What is the tens digit of b?
1
Let z(k) = 14*k**2 - 3. What is the tens digit of z(-2)?
5
Suppose -4*l + 69 = 5*z - 5*l, 4*z + 3*l = 40. What is the tens digit of z?
1
Suppose -b + 2*b = 11. What is the units digit of b?
1
Let r = -9 - -13. Suppose -6*f + f = -5*a + 25, r*a = -2*f - 16. Let g(p) = -p**2 - 7*p. What is the units digit of g(f)?
6
Suppose -10 = -9*l + 7*l. What is the units digit of l?
5
Let x(a) = -a + 1. Let c be x(-1). Let t(q) = -5*q - 3*q - 4*q**c - 7 + 3*q**2. What is the units digit of t(-5)?
8
Let a = 2 + 2. Let v be (-9)/(-1*(-2 + 3)). Suppose -a*p - v = -7*p. What is the units digit of p?
3
Let o be (3 + -2)/(1/(-23)). Let r be (8/(-4))/(2/o). Suppose 0 = 4*z + 3*n - 8*n - r, 5*n - 12 = -z. What is the units digit of z?
7
Suppose -9*o + 11*o = 196. What is the tens digit of o?
9
Suppose 5*g - 453 = 712. What is the units digit of g?
3
Let j = 6 + 4. What is the tens digit of j?
1
Let l(b) = -2 + 1 + 0*b**2 + b**2. Let y be l(-6). Suppose -k - 4*w - 12 = 0, -4*k + y - 13 = 2*w. What is the units digit of k?
8
Let n = -57 - -3. Let j = -37 - n. What is the units digit of j?
7
Let b(j) = 264*j. What is the tens digit of b(1)?
6
Let w = -6 + 15. Let r = w + 3. What is the tens digit of r?
1
Let g(n) = 15*n**3 + 3*n**2 - 3*n + 2. What is the tens digit of g(2)?
2
Let w = 13 - -34. What is the tens digit of w?
4
Let p(s) = 8*s + 1. Let a(t) = -t - 4. Let j be a(-5). What is the units digit of p(j)?
9
Suppose -v = -4*v + 327. What is the tens digit of v?
0
Suppose -27 = -5*f - d, 3*d + 0*d = -3*f + 9. Suppose 4*q - w + 2 = 0, -2*q + 0*w = 3*w - f. Let r = q + 4. What is the units digit of r?
4
Suppose -q = 4*q + 60. What is the tens digit of (-25)/((-4)/q*-3)?
2
Let k(s) = 2*s + 15. Let f(h) = -h - 1. Let l(j) = 3*f(j) + k(j). What is the units digit of l(9)?
3
Let d be (-2)/(-3 - -1) - -14. Let a = d + 26. What is the tens digit of a?
4
Let z be ((-9)/(-6))/((-4)/(-496)). Suppose -4*i + 5*d - 21 = -z, -2*d + 78 = 2*i. What is the units digit of i?
0
Let m(n) = n**3 - 5*n**2 + 2*n - 1. Let j be (-11 + 5)*(0 + 1). Let l = 11 + j. What is the units digit of m(l)?
9
Let q = -3 + 8. Suppose q*z - 2*j = 2, -j + 2*j = -5*z + 14. What is the units digit of z?
2
Suppose 4*j = -3*x + 5, -4*j + 36 = -3*x + 1. Suppose 3*p - 22 = 4*b, -25 = -b + 6*b - j*p. Let z(n) = n**3 + 7*n**2 - 3*n - 6. What is the tens digit of z(b)?
1
Let v(w) be the third derivative of -w**5/60 + 17*w**4/24 - 8*w**3/3 - 6*w**2. What is the tens digit of v(14)?
2
What is the units digit of 2/6 + (-2